6) to base 16
1f4cd8
-4402104 (base 6) to base 16
-35458
-3504 (base 12) to base 4
-1130110
What is -48ab7 (base 12) in base 9?
-158814
Convert 224110006 (base 7) to base 6.
1204530454
-845c6 (base 15) to base 14
-acdc7
What is -4ce422 (base 16) in base 15?
-698128
What is c755 (base 16) in base 9?
76888
Convert 1989c29 (base 13) to base 4.
200013113102
Convert -10011111011000110010111 (base 2) to base 3.
-100211100100022
-1100010110000101 (base 2) to base 10
-50565
What is 121120222220 (base 3) in base 11?
20340a
Convert -10110011110000101 (base 2) to base 10.
-92037
What is -2082599 (base 10) in base 11?
-11a2762
-34233351 (base 6) to base 11
-655409
-56b14 (base 13) to base 7
-1225146
What is -1110035 (base 6) in base 10?
-55751
What is 21667 (base 10) in base 15?
6647
What is 1101101111100000 (base 2) in base 15?
11a28
Convert 489007 (base 10) to base 13.
14176c
Convert -c7e5 (base 16) to base 4.
-30133211
1548678 (base 9) to base 14
18523d
Convert -21013032 (base 6) to base 4.
-2110203230
2311276 (base 9) to base 11
782337
What is -11001011001000010 (base 2) in base 7?
-612133
What is -79d19 (base 14) in base 5?
-33434204
Convert -13132000 (base 4) to base 7.
-155122
What is 24043120 (base 5) in base 8?
660734
What is -582324 (base 9) in base 16?
-55510
Convert 441102123 (base 5) to base 9.
3506116
Convert 212232002332 (base 4) to base 8.
46560276
Convert 200201013 (base 4) to base 13.
48816
What is 10627275 (base 8) in base 2?
1000110010111010111101
Convert -1c3ca (base 15) to base 12.
-4529a
What is 20c942 (base 13) in base 15?
103485
What is 120223332 (base 4) in base 2?
11000101011111110
Convert 13b17 (base 14) to base 8.
137271
Convert -96110 (base 15) to base 8.
-1641723
Convert 321524 (base 7) to base 9.
84522
What is -24725 (base 15) in base 6?
-2254412
Convert 260010 (base 9) to base 13.
568a4
296649 (base 11) to base 9
774550
Convert -264551 (base 9) to base 13.
-58288
Convert 518216 (base 10) to base 14.
d6bd6
What is 100001000000110100010000 (base 2) in base 3?
121021200012002
Convert -100001111110000010 (base 2) to base 4.
-201332002
Convert 21100021220 (base 3) to base 7.
1141305
Convert 30267 (base 12) to base 3.
10011211121
-5029b3 (base 14) to base 6
-133443533
Convert 5a5a8 (base 14) to base 12.
a7834
What is -73320 (base 10) in base 9?
-121516
Convert 241c27 (base 13) to base 3.
1121202012011
-1303321303 (base 4) to base 12
-1aa897
-171951 (base 11) to base 6
-5411314
1300491 (base 10) to base 9
2401840
Convert 2441622 (base 9) to base 4.
11003313131
-10646065 (base 7) to base 8
-3444236
Convert -21226661 (base 7) to base 2.
-110111000110011101010
-1427279 (base 10) to base 13
-3ac859
What is -1888a79 (base 13) in base 7?
-125244555
What is -57271 (base 11) in base 12?
-3bb36
533426 (base 7) to base 13
33131
What is 3657198 (base 10) in base 11?
2078786
Convert -122012102010202 (base 3) to base 6.
-523531332
What is -465230 (base 10) in base 7?
-3645233
What is -361814 (base 12) in base 3?
-1122101122021
What is -194d (base 16) in base 9?
-8786
-1111110011011010110011 (base 2) to base 3
-21210110210222
58829 (base 12) to base 11
8119a
3160b (base 16) to base 11
128a55
Convert 10e4481 (base 15) to base 4.
232031133220
Convert b2331 (base 13) to base 15.
64842
1100111101001001111 (base 2) to base 6
13033223
What is -170383 (base 13) in base 6?
-20131214
Convert -1103362 (base 11) to base 16.
-1d8e8c
Convert 21020200011 (base 3) to base 16.
22d35
Convert 2214342100 (base 5) to base 3.
100002220121110
What is 13886 (base 16) in base 12?
3a372
Convert 4aa04 (base 12) to base 10.
101668
What is 22222 (base 8) in base 11?
7041
-365642 (base 9) to base 7
-1606250
What is 1512014 (base 6) in base 15?
1acd4
Convert -41323747 (base 8) to base 6.
-511424103
-10504364 (base 8) to base 2
-1000101000100011110100
What is 311ed0 (base 16) in base 15?
438c52
2703603 (base 10) to base 7
31660140
Convert -974693 (base 11) to base 13.
-427269
Convert 502659 (base 12) to base 3.
2100102200120
What is 10560050 (base 7) in base 5?
214001034
Convert 53350 (base 12) to base 3.
12120000020
What is 7c3728 (base 15) in base 16?
5a8f0f
What is 1507f (base 16) in base 12?
41a27
Convert 3240012311 (base 5) to base 10.
6954081
Convert 154424441 (base 6) to base 10.
3300649
What is 102d0 (base 15) in base 5?
3120040
13033017 (base 8) to base 3
12110012111222
-37b280 (base 12) to base 6
-31305440
What is 17331646 (base 8) in base 3?
21121102220011
Convert 1013134005 (base 6) to base 10.
10510133
Convert -525672 (base 10) to base 13.
-155364
61135 (base 8) to base 3
1021112122
What is -b456d (base 14) in base 5?
-102402004
Convert 101a (base 13) to base 6.
14140
22545331 (base 7) to base 3
10201111011211
Convert 3120112223 (base 4) to base 10.
886187
Convert 750063 (base 9) to base 5.
103234310
Convert 110001231 (base 5) to base 10.
468941
What is -89ba89 (base 14) in base 3?
-22210210120121
Convert 10020103022 (base 4) to base 2.
100001000010011001010
What is 6061323 (base 10) in base 11?
346aa64
Convert -4560387 (base 11) to base 4.
-132130030123
What is 21031212 (base 4) in base 3?
1220202120
Convert 5507034 (base 8) to base 13.
3c9a77
Convert -109dd1 (base 16) to base 9.
-2038714
d0bddc (base 16) to base 12
46b8878
What is -10000001111101000111000 (base 2) in base 7?
-51124021
Convert 210120220222101 (base 3) to base 15.
1019944
Convert 1011111100001111101 (base 2) to base 3.
201212202100
Convert 10325311 (base 7) to base 9.
1582004
30992 (base 13) to base 14
23b75
-11631433 (base 7) to base 2
-100000000010011001000
10001010101010110 (base 2) to base 8
212526
Convert -6415324 (base 9) to base 7.
-41125330
Convert 11111011110111 (base 2) to base 4.
3323313
What is 8142559 (base 10) in base 3?
120022200111021
Convert -12477065 (base 8) to base 9.
-5214045
What is -445004530 (base 6) in base 13?
-1898475
Convert -170061a (base 11) to base 15.
-3c4260
Convert -501501 (base 13) to base 14.
-365940
What is -1ac9b (base 14) in base 5?
-4141340
What is -23555501 (base 6) in base 11?
-46a911
Convert 116527 (base 14) to base 8.
2207467
What is 14326623 (base 8) in base 11?
1924067
Convert -31320130103 (base 4) to base 11.
-2066096
What is 2121300 (base 4) in base 8?
23160
-23111043 (base 5) to base 16
-328af
What is -1071144 (base 10) in base 4?
-10011200220
Convert -1120404404 (base 5) to base 9.
-4650287
What is 10110000100110 (base 2) in base 6?
124154
What is -4445231 (base 6) in base 14?
-5b93d
2211112010 (base 3) to base 15
117e0
Convert -14520125 (base 6) to base 4.
-1330002311
164623 (base 11) to base 12
103678
What is 1010111021 (base 3) in base 14?
815a
-21210210233 (base 4) to base 5
-1120242403
What is -2210121002 (base 3) in base 4?
-31131011
What is -298838 (base 10) in base 12?
-124b32
-324723a (base 11) to base 12
-1ab1587
What is -5100011 (base 6) in base 12?
-b7607
Convert -1102a4 (base 16) to base 14.
-21039a
Convert -6650564 (base 9) to base 5.
-1403414313
What is -63655 (base 13) in base 12?
-87741
What is -27669 (base 13) in base 2?
-10001111110000010
Convert 100001101101110110 (base 2) to base 5.
13404402
What is 211011120323 (base 4) in base 6?
544210255
-1cc41 (base 15) to base 11
-645a1
Convert 104123 (base 11) to base 14.
44985
Convert -31532314 (base 6) to base 2.
-11100010111111110110
21122202112 (base 3) to base 13
537b6
Convert 21020122022222 (base 3) to base 12.
1358598
What is -100231002 (base 5) in base 15?
-7d2bc
Convert -23611461 (base 7) to base 14.
-3ca9d8
20c3a (base 13) to base 14
17807
-203651 (base 13) to base 12
-302215
Convert 13002333020 (base 4) to base 11.
105194a
What is -112001020010122 (base 3) in base 13?
-1714682
Convert b7619 (base 12) to base 11.
155141
Convert 676a3 (base 11) to base 2.
10111111011010010
22550333 (base 7) to base 2
111100011000011100011
What is 320637 (base 10) in base 11?
1a9999
-1113655 (base 8) to base 9
-507764
What is -45444542 (base 6) in base 9?
-2548218
Convert -150fb (base 16) to base 13.
-3035c
What is -26edee (base 15) in base 12?
-763a2b
What is 155036c (base 13) in base 7?
112011563
What is -4cadad (base 15) in base 8?
-16027056
What is 1167528 (base 9) in base 7?
5254310
-21617 (base 8) to base 9
-13434
Convert -10278667 (base 10) to base 8.
-47153413
-331231134 (base 5) 